(l). Determine b(7).
-8
Let z(p) = p**2 + 3*p - 2. Let d be z(-4). Let u(a) be the second derivative of -a**5/10 + a**4/4 - a**3/2 + a**2 - 2*a. What is u(d)?
-8
Let k = 16 - 10. Let p be (1/((-1)/k))/(-2). Let y(a) = -6 + 1 + 2*a**3 - a**p + a**2 - a + 0*a**3. Calculate y(0).
-5
Let h = -22 + 22. Let s(u) = u**3 + u**2 + u - 2. Determine s(h).
-2
Let h(g) be the second derivative of -g**4/24 - g**2 + 3*g. Let p(k) be the first derivative of h(k). What is p(1)?
-1
Suppose 0*p = 3*p. Suppose p = 2*o - o - 9. Let b(q) = 2 + q**3 - 1 + o - 3*q + 4*q. What is b(0)?
10
Let r(q) be the second derivative of -11*q**5/20 + q**4/12 - q**2/2 + 2*q - 19. Give r(-1).
11
Let s(g) = -2*g - 2 - 1 + 4*g + 0*g. Suppose r + r = -5*b + 29, 21 = -2*r + 5*b. Calculate s(r).
1
Let g(b) = -b - 7. Suppose -s + 4*w - 7 = 0, 0*s - 5*s = -5*w + 35. Let d be g(s). Let t(h) = -h + 11. What is t(d)?
11
Let k(a) = -a**2 + a. Let h(c) = -8*c + 3. Let u be h(2). Let o = -15 - u. Calculate k(o).
-6
Let g(s) = s**3 + s**2 - 3*s + 2. Let z = 16 + -14. Calculate g(z).
8
Let n(a) be the first derivative of -9 + 2*a - 1/2*a**2. Give n(1).
1
Let l(v) = 3*v**2 - 3*v. Let f(a) be the second derivative of -a**3/6 + 7*a**2/2 + 3*a. Let b be f(5). Suppose -3*t - 3 = -2*c - 2, 3*c - b*t = 4. Give l(c).
6
Let l(b) = 4*b**2 - 3*b + b + 0*b - 2*b**2 + 2. Calculate l(2).
6
Let x(w) be the first derivative of -w**3/3 - w**2/2 - w - 2. Let h(i) be the first derivative of x(i). What is h(-1)?
1
Let h(m) = -m**2 + 7*m + 9. Suppose 4*v + 20 = 0, -2*v - 1 = -2*p - 5*v. Calculate h(p).
1
Let y(s) = -s + 4. Let q(w) = -2*w + 48. Let f be q(22). Determine y(f).
0
Let u(z) be the second derivative of -z**7/840 + z**6/90 - z**5/40 - z**4/8 - z**3 - z. Let r(v) be the second derivative of u(v). Calculate r(4).
-15
Let s(u) = -u**2 - 2*u - 1. Suppose 0 = -5*d + 2*d - 3. Give s(d).
0
Let w(z) be the first derivative of -5*z**2/2 - 2. Determine w(-2).
10
Let s be 18/(-27) + (-21)/9. Let b(h) = -h**3 - 2*h**2 + h + 2. Determine b(s).
8
Let r(o) be the third derivative of -o**5/30 + o**4/3 - 5*o**3/6 + 42*o**2. Calculate r(5).
-15
Let n(y) = 3*y + 1. Let u(j) = -j**3 + 2*j**2 + 2*j - 1. Let o be u(2). Suppose k - 4*m = -14, k - o*m = -7*m + 10. Determine n(k).
-5
Let j(k) = -3 - 2*k + 3*k - 1. Let p be -1 - (-1 + 0 + -3). Determine j(p).
-1
Suppose -2 = -3*u + 4*u. Let i(g) = 2*g**2 + 2*g - 2. Calculate i(u).
2
Let s(o) = -2*o - 2. Let k be s(-4). Suppose -k = -2*x - 3*y, x - 3*x - 4 = -2*y. Let l(z) = z**3 - z**2 + 12. Calculate l(x).
12
Let x(d) = -d**3 + 4*d**2 - 3*d. Let u(r) = -2*r**2 + r. Let h(i) = 5*u(i) + 2*x(i). What is h(-2)?
10
Let o(q) = -2*q**3 - 15*q**2 + 21*q + 3. Let t(j) = 3*j**3 + 22*j**2 - 31*j - 4. Let d(y) = -7*o(y) - 5*t(y). What is d(-6)?
-13
Let d(f) = 5 + 36*f - 31*f - 2. Let v = 1 - 3. Give d(v).
-7
Let z(v) = v + 5. Let i be z(-5). Let q(r) = 2 - 3 + i*r - r. Let b be q(1). Let m(y) = 2*y**2 - 2. Determine m(b).
6
Suppose l = h - l - 1, -5*h + 4*l - 13 = 0. Let y(i) = i**2 + 7*i. Give y(h).
-10
Let f(b) = 32 - 63 + 28 + 3*b. Let w(u) = u**2 - 7*u + 8. Let i be w(6). Calculate f(i).
3
Let o = -15 - -14. Let n(g) = g + 2. What is n(o)?
1
Let n(l) be the third derivative of l**6/90 - l**4/12 - l**2. Let a(j) be the second derivative of n(j). Determine a(1).
8
Let g(b) be the third derivative of 3*b**6/40 - b**5/30 + b**4/24 - 2*b**2. What is g(1)?
8
Let t(i) be the third derivative of 0 - 1/8*i**4 + 0*i**5 + 0*i + 1/120*i**6 - 1/2*i**3 - 2*i**2. Calculate t(-2).
-5
Let z(w) = -5*w**3 - 14*w**2 + 11*w + 3. Let s be 30/(-12)*(0 - -2). Let k(c) = -3*c**3 - 9*c**2 + 7*c + 2. Let h(t) = s*z(t) + 8*k(t). Determine h(3).
13
Suppose -3*j - j = 5*z + 7, z + 9 = 3*j. Let d = 4 + -1. Let y(f) = -f + d*f + 0*f - 18*f**2 + 15*f**2. Determine y(j).
-8
Let h = 7 - 2. Suppose 2*j = -2*m, h*m - 4*j = 29 + 7. Let u(f) = -m*f - f + 4*f. Calculate u(-5).
5
Let t(p) = 5*p**2 - 15*p + 5. Let v be t(3). Let q(k) be the first derivative of k**3/3 - 5*k**2/2 + 3*k - 1. Determine q(v).
3
Let d(t) = 5*t**3 + t**2 - 1. Let k be d(-1). Let m(n) = 6*n**3 - 7*n**3 - 5*n**2 + 4 + 0*n + 2*n. Give m(k).
-6
Suppose -3 = -8*u + 13. Let l(z) = -16*z**3 + 21*z**2 + 5*z + 6. Let r(y) = 3*y**3 - 4*y**2 - y - 1. Let g(x) = -2*l(x) - 11*r(x). What is g(u)?
1
Suppose -7 = 5*u + 8. Let f = -3 - u. Let l(r) = -r**3 + r + 4. Give l(f).
4
Let q(a) be the first derivative of 7*a - 1 + 1/2*a**2. Give q(-6).
1
Let i(z) = z**3 + z**2 - 21*z + 6. Let w(v) = -v**2 - 2*v + 1. Let m(d) = i(d) - 6*w(d). Give m(-8).
8
Suppose 5*v + 11 = -2*j - 16, -5*j = 5*v + 30. Let g(o) = -o + 1. Let a(c) = 21*c - 15. Let k(h) = j*a(h) - 15*g(h). Let i = 2 - 3. What is k(i)?
6
Let k(i) = i**2 - i + 4. Let q be k(0). Suppose l + q*d = -l + 18, -12 = -2*l - 2*d. Let z(f) = -11 + 4*f + 15 - 3 - 2*f**2. Calculate z(l).
-5
Let j(y) be the first derivative of -y**7/840 - y**6/45 - 7*y**5/120 - y**4/8 - y**3 - 4. Let r(u) be the third derivative of j(u). Give r(-7).
-3
Let a = -24 + 29. Let b(h) = -h**3 + 6*h**2 - 4*h - 1. Determine b(a).
4
Let h(n) = 0 - n**3 - 1 - n**2 + 0*n**2 - n**2 + n. Give h(-3).
5
Let b = 90 - 88. Let m(d) be the first derivative of -3 + b*d - 1/4*d**4 + 5/2*d**2 - 2/3*d**3. Calculate m(-3).
-4
Let i(x) = 3*x. Let g = -6 - -10. Let o(l) = -l. Let p(h) = g*o(h) + i(h). Give p(2).
-2
Let y(q) = -q + 1. Let u(g) = g**2 - 9*g + 5. Let o be u(8). Calculate y(o).
4
Let r(y) = y**2 - 7*y - 5. Suppose 3*p + 3*t = 3, -4*p + 3*p + t + 11 = 0. What is r(p)?
-11
Let x be 0 + ((-12)/4)/(-3). Let m(y) = -2*y**3 + y + 2. Let d(z) = -2*z**3 + z + 1. Let s(u) = 3*d(u) - 2*m(u). Calculate s(x).
-2
Let f be (72/(-60))/((-6)/20). Let x(l) be the third derivative of 0 - 1/12*l**4 - 1/120*l**6 + 3/2*l**3 + 1/10*l**5 - f*l**2 + 0*l. Calculate x(6).
-3
Suppose 3*q = 16*y - 21*y, 5*q - 40 = 5*y. Let v(m) = -m - 2. Determine v(y).
1
Let f be ((-140)/(-21) + -8)*-1*3. Let q(t) = -8*t + 1. What is q(f)?
-31
Suppose 3*y + 5*c - 6 = 4, 3*c - 6 = y. Let i(r) = -3*r**2 + y*r**2 + 2 - 2*r**3 + 0. What is i(-2)?
6
Suppose -23*u = -5*u - 18. Let z(v) = 4*v - 1. What is z(u)?
3
Suppose 0 = 3*d + 2*s + 12, 4*d - 4 = 5*d - 3*s. Let p = -3 - d. Let z(c) = 5*c**3 - 17*c**2 + 17*c**2 + 1. Give z(p).
6
Let h(j) = j**3 + 4*j**2. Suppose 72 = -4*t - 4*r, -t + 1 = -3*r - 1. Let p = 9 + t. Determine h(p).
0
Let z(r) = -5*r - 12. Let x(g) = -g + 4. Let b be x(9). Let k(t) = 4*t + 11. Let n(s) = b*z(s) - 6*k(s). Give n(0).
-6
Suppose 2*d + 2*d + 16 = 0. Let t(i) = i**2 + 3*i - 3. What is t(d)?
1
Let u(i) = 1. Let q(p) = -p - 12. Let j(h) = -q(h) + u(h). Let l be j(-10). Let x(w) = -w**2 + w + 2. Determine x(l).
-4
Let i(g) = -10*g - 11. Let w(f) = 9*f + 10. Let u(s) = 6*i(s) + 7*w(s). Determine u(-4).
-8
Let o(c) = 4*c - 1. Let t be o(1). Suppose -2*g + 3*g = t. Suppose q = -g*q. Let w(v) = v - 2. Calculate w(q).
-2
Let m be (1 - 3*1)*-10. Let o = 9 - 4. Suppose -4*i + m = 2*d, o*d = 2*i - 0*i + 2. Let p(l) = -2*l**2 + 7*l - 5. Determine p(i).
-9
Let n(h) be the first derivative of -h**2 - 11. What is n(3)?
-6
Let u = 191 - 186. Let q(p) = -p**3 + 5*p**2. Let f be q(5). Let g(y) = 3 - 5*y + y**2 - 1 + f. Give g(u).
2
Let a(n) be the second derivative of -n**5/20 - n**3/6 - 5*n**2/2 - n. Let f = 5 + 0. Suppose -3*z + x = -5, 0*x + f = -2*z - x. Calculate a(z).
-5
Let o(h) = -2*h - 3. Suppose -u - 7 = 3*p, -4*u - 4*p = -7 + 27. Determine o(u).
5
Let x(c) = -9 + 10*c + 26 - 8 - 8 + c**2. Calculate x(-8).
-15
Suppose 2 = -4*b - 6. Let p(v) = -3*v - 1. Let i be p(b). Let l(m) = 9*m**2 - m - 5. Let g(d) = 5*d**2 - 2. Let w(y) = -7*g(y) + 4*l(y). Calculate w(i).
-1
Let v(g) be the second derivative of -g**8/6720 + g**7/2520 - g**5/20 - g**4/12 - g. Let o(n) be the third derivative of v(n). Give o(0).
-6
Let b(c) = 2*c**2 - 2*c + 1. Let z be b(2). Suppose -z*f - 21 = 3*j, -2*j + 0*f - 13 = 3*f. Let s = 1 - j. Let g(o) = o**3 - 4*o**2 + 3. Calculate g(s).
-6
Let o(x) = 0*x - 2*x - 1 + x. Let k be o(2). Let z(v) = v**3 + 2*v**2 - v - 1. What is z(k)?
-7
Let j = -1 - -1. Suppose -h - 10 = -3*h. Let x(t) = -5*t**2 + 16*t**2 + 3 - 7*t**2 - h*t**2. Give x(j).
3
Let s(g) be the second derivative of -g**4/6 - g**3/2 + g**2 - 21*g. Calculate s(-3).
-7
Let t be (1 - 0) + (-9 - 0). Let b = t + 13. 